+ 3*i + 5*i. Let t be 14/4 - (-1)/2. What are the prime factors of k(t)?
53
Let r = -10 + 21. Suppose 9 = 2*s - r. List the prime factors of s.
2, 5
Let y be 12/(-7) + (-8)/28. Let z(n) = -3*n**3 + n**2 - 4*n - 3. List the prime factors of z(y).
3, 11
Let j = 1108 - 692. List the prime factors of j.
2, 13
Let o(h) = h**3 - 12*h**2 + 4*h - 7. Let x be o(8). Let v = -107 - x. List the prime factors of v.
2, 31
Let d(r) = -133*r**2 + 7. Let v(g) = 200*g**2 - 11. Let i(f) = -8*d(f) - 5*v(f). List the prime factors of i(1).
3, 7
Suppose 5*c + 4*j = -130, 5*j - 17 = 4*c + 87. Let n = 14 + c. List the prime factors of 115/6 - (-2)/n.
19
Let d(h) be the second derivative of -h**4/12 - 5*h**3/2 - 4*h. Let f = -102 - -89. List the prime factors of d(f).
2, 13
Suppose 5*l - 5*q - 1 - 4 = 0, -q = 5*l - 35. Let t(r) = r**2 - 5*r - 4. List the prime factors of t(l).
2
Suppose 325 = -10*w + 5*w. Let u = w - -180. What are the prime factors of u?
5, 23
Let o be (-6)/4 - (-2)/(-4)*-297. Suppose -6*g + 525 + o = 0. What are the prime factors of g?
2, 7
Suppose 0 = -3*n - 4 - 2. Let b be (95/(-5))/(2/n). Suppose y - 2*m - b = -2*y, 2*y - 34 = -4*m. List the prime factors of y.
3
Suppose 2*u = -20 + 356. Suppose -6*w - w = -u. What are the prime factors of w?
2, 3
Let h(p) = p**3 + 2*p**2 - 5*p + 1. Let m be h(-4). Let k(x) = x**2 + 7*x - 11. Let a be k(m). Let v = -11 + a. What are the prime factors of v?
2, 11
Suppose -3*l = -6*l + 18. Let x be 14/(-14)*(l - 1). Let i(c) = -c**3 - 4*c**2 - 5*c. What are the prime factors of i(x)?
2, 5
Let r = 34 + -19. Suppose -55 = -5*y - r. What are the prime factors of y?
2
Let k be ((-49)/(-14))/(-7)*-246. Let o = 4 + 1. Suppose 3*c + 72 = v, o*v = -c + 237 + k. What are the prime factors of v?
2, 3
Let m be 36*2 - 4/2. Suppose -8*a + 0 - 264 = 0. Let b = m + a. What are the prime factors of b?
37
Let k = 1852 + -959. List the prime factors of k.
19, 47
Let g(u) = -u - 8. Let l be g(-6). Let b be 5*-2*(-4)/8. Let r = b + l. What are the prime factors of r?
3
Let z(w) be the second derivative of -w**5/4 - w**4/6 - 3*w**3/2 - 5*w**2/2 + 3*w. What are the prime factors of z(-3)?
139
Let n(l) = 73*l**2 - 3*l + 3. What are the prime factors of n(-3)?
3, 223
Let a = -727 + 781. What are the prime factors of a?
2, 3
Let v = -592 - -1250. Suppose v = 13*o - 6*o. What are the prime factors of o?
2, 47
Suppose 0 = 5*q + 11*q - 8704. What are the prime factors of q?
2, 17
Let a = -180 - -297. List the prime factors of (-2 - 0)*a/(-26).
3
Suppose -4*l + 4*r = -28, -1 = -5*r - 26. Suppose t - l*k = 20, -3*t + 40 = -5*k - 23. What are the prime factors of t?
2, 13
Suppose 0 = 13*o + 29 - 3. Let z(b) = -19*b**3 - 2*b**2 + 5*b + 6. List the prime factors of z(o).
2, 5, 7
Let s(f) = 5*f + 103. List the prime factors of s(-19).
2
Let c(p) = p - 6*p - 15 + 7*p + 4*p. List the prime factors of c(12).
3, 19
What are the prime factors of (-7)/(-21) - 120024/(-54)?
3, 13, 19
Suppose 0 = -6*f + 1434 + 2064. What are the prime factors of f?
11, 53
Let g = 1952 + 426. List the prime factors of g.
2, 29, 41
Let g(u) = u**3 - 13*u**2 - 6*u + 33. Let f be (3 + -2)*(4/2 + 12). List the prime factors of g(f).
5, 29
Let p(q) = -94*q + 98. Let l be p(-18). Suppose -g - 9*g = -l. List the prime factors of g.
179
Suppose 4 = b - 2*v + 17, -5*b - 93 = -3*v. Let f = b + 29. What are the prime factors of f?
2
Let t = 932 + -464. List the prime factors of t.
2, 3, 13
List the prime factors of (-2)/9 - ((-4724)/36 - -1).
2, 5, 13
Suppose 5*r - 5*k = r + 7, 4*k = 3*r - 6. List the prime factors of (-1)/r - (-97)/2.
7
Let p(q) = 3*q**2 + q + 1. Let r be p(-1). Suppose -c + 40 = r*c. Let a = 31 - c. What are the prime factors of a?
3, 7
Suppose -11*i + 6*i + 6527 = z, -5*z = -i + 1321. List the prime factors of i.
2, 653
Let x = 248 + -92. Suppose 7*n = -30 + x. List the prime factors of n.
2, 3
Let i = 1971 - 983. What are the prime factors of i?
2, 13, 19
Let a(o) = o**2 + 3*o + 2. Let r be a(-3). Let u = -355 - -469. Suppose r*p - 5*k + 78 = 5*p, u = 5*p + 3*k. List the prime factors of p.
3, 7
Let m(t) = -9*t**3 - 4*t**2 - 3*t + 19. List the prime factors of m(-5).
3, 353
Suppose 0 = -813*b + 818*b - 6980. List the prime factors of b.
2, 349
Let d(n) = -n**3 + 11*n**2 + 15*n**2 - 6 + 17*n - 17*n**2. What are the prime factors of d(9)?
3, 7
Suppose -2*k + 72 = 4*q - 0*q, 0 = -4*k - q + 144. What are the prime factors of (k/(-60))/(1/(-5))?
3
Let f = 0 - -2. Let c(o) = -47*o - 4 - 44*o + 117*o. What are the prime factors of c(f)?
2, 3
Suppose 0*g - 4*g - 3*w = -9, 2*w - 6 = 5*g. Suppose g = 37*x - 32*x - 40. What are the prime factors of x?
2
Let n(q) = -25*q - 65. What are the prime factors of n(-10)?
5, 37
Let w(n) = n**2 - 4*n + 4. Let f be w(4). Let a(v) = 12 + 6*v**2 - 18 + f*v**3 - 7*v - 3*v**3. What are the prime factors of a(-6)?
2, 3
Let v = 276 + 171. List the prime factors of v.
3, 149
Let w be ((-8)/14)/(2/(-14)). Suppose 0 = -z + w*l - 4 - 0, 1 = 4*z + l. Suppose -4*m - m + 150 = z. What are the prime factors of m?
2, 3, 5
Let d = 342 - 13. List the prime factors of d.
7, 47
Suppose 3*k + 5*y = -k + 24, -2*y = -4*k + 24. Suppose 270 = k*v - v. List the prime factors of v.
2, 3
Let p be (-43)/(-15) - 22/(-165). Suppose 5 = 2*d - p. List the prime factors of (6/4)/(d/72).
3
Suppose 8*b - 15 + 23 = 0. What are the prime factors of b/(-2)*(2 - -344 - -6)?
2, 11
Let m = -13 - -15. Suppose 93 = 5*l + 4*p, m*l - 3 = -5*p + 41. List the prime factors of l.
17
Let h = -4 + -1. Let d be 6*h/((-15)/2). Suppose -2*z + 43 = -d*a - 33, 3*z = -3*a + 87. What are the prime factors of z?
2
Let a = -599 - -2239. What are the prime factors of a?
2, 5, 41
Let r(j) = -30*j + 11. Let b = 47 - 50. What are the prime factors of r(b)?
101
Let r(q) = -q**3 + 22*q**2 - q + 39. What are the prime factors of r(9)?
3, 19
Suppose d - 3*a = 57, 4*d - 3*a = -0*a + 228. Let m be ((-6)/9)/(-2)*d. Suppose m = 4*p - 145. List the prime factors of p.
41
Suppose 4*b + 8 = 0, 0*b = 5*d + b - 3553. What are the prime factors of d?
3, 79
Let i be 3/(-2) - (-9)/2. Suppose -3*d = -h - 16, -11 - 13 = i*h + 3*d. List the prime factors of -5*(134/h - -4).
47
Suppose 32*c - 6*c - 42588 = 0. What are the prime factors of c?
2, 3, 7, 13
Suppose 5*u = -5*l + 3*u + 36, 4*u = l + 6. Suppose l*c - 57 = 3*c. Let t = c - 3. What are the prime factors of t?
2
Suppose f = 3*a - 1608, 2*a - 11*f - 1072 = -10*f. List the prime factors of a.
2, 67
Suppose -o = 2*o - 81. Suppose 0*v - 3*v = -4*s + 21, -5*v = -4*s + o. Suppose s*z - 4 - 2 = 0. List the prime factors of z.
2
Suppose 9 = -k + 4*k. Suppose 4*d - k*c = -692 - 482, -2*d - c - 582 = 0. What are the prime factors of (-3)/12 - d/16?
2, 3
Let b(m) = -3*m**2 - 5*m + 38. Let s be b(-16). Let l = s + 921. List the prime factors of l.
271
Let i(u) = u**3 - u**2 - u. Let x be i(-2). Suppose -80 + 482 = 67*d. Let m = d - x. What are the prime factors of m?
2
Let v(d) = -d**2 + 5*d + 3. Let m be v(6). Let l = m + 3. Suppose 5*s + 46 = q, -3*q + 2*q + 3*s + 38 = l. List the prime factors of q.
2, 13
Suppose -4*c + 3*c = -5*r - 4, -2*r - 4*c - 6 = 0. Let y(h) be the first derivative of -11*h**4/4 + h**2/2 + 1. List the prime factors of y(r).
2, 5
Let l(q) = 3*q**2 + 2*q + 1. Let x be l(-2). Let u(i) = 12 - 16 + 3*i + 9. What are the prime factors of u(x)?
2
Let w be 3/(-2)*(-160)/(-12). Let q = w + 28. Suppose 6 = -j + 2*k, -3*j + k - 1 + q = 0. What are the prime factors of j?
2
Let k = 11436 + -7645. List the prime factors of k.
17, 223
What are the prime factors of 11994/18 + (5/(-3))/5?
2, 3, 37
Suppose 0 = c + 3*y + 2*y + 55, -4*c - y = 239. Let o = c + 174. What are the prime factors of o?
2, 3, 19
Let j = 28 + 23. Suppose -r = -j - 7. What are the prime factors of r?
2, 29
Let m be (-15)/10 + (-1)/(-2). Let o be (-3)/m - (2 - -6). List the prime factors of (o/10)/(2/(-84)).
3, 7
List the prime factors of (-98)/(-2) - (1 - 0/(-1)).
2, 3
Let n(h) = h**3 + 6*h**2 - 3*h + 28. What are the prime factors of n(-6)?
2, 23
Suppose -5*w + 10*w = 0. Suppose 3*l - l - 152 = w. What are the prime factors of l?
2, 19
Suppose -5*o + 5*h + 145 = 0, -4*o + 4*h = -h - 115. List the prime factors of 5/(-2)*(-1176)/o.
2, 7
Let k(i) = -i**2 - 2*i + 170. Let o be k(0). Supp